rue
Is 1154339 composite?
False
Is 449 a prime number?
True
Is 73257 a prime number?
False
Is 670409 prime?
True
Is 287447 a composite number?
True
Is 865411 composite?
True
Is 2437 a prime number?
True
Is 362851 a composite number?
False
Is 168023 a prime number?
True
Is 11863 composite?
False
Is 7159 prime?
True
Is 19639 composite?
True
Is 2836303 prime?
True
Is 7235 a composite number?
True
Is 436337 a composite number?
True
Is 354157 a prime number?
False
Is 74719 composite?
False
Is 10133 prime?
True
Is 139319 prime?
False
Is 2179 composite?
False
Is 2018 prime?
False
Is 298513 prime?
True
Is 68833 prime?
False
Is 439753 a prime number?
True
Is 450469 prime?
False
Is 2963 a composite number?
False
Is 2627 composite?
True
Is 151529 a composite number?
True
Is 18593 a composite number?
False
Is 41887 a composite number?
False
Is 28429 prime?
True
Is 21467 a composite number?
False
Is 1854301 a composite number?
True
Is 22343 composite?
False
Is 21941 a prime number?
False
Is 22469 a composite number?
False
Is 156041 a composite number?
False
Is 865495 a prime number?
False
Is 9469 composite?
True
Is 129553 a composite number?
False
Is 17167 prime?
True
Is 266653 a prime number?
False
Is 7211 a composite number?
False
Is 3267305 a prime number?
False
Is 463787 composite?
False
Is 6707 prime?
False
Is 4507 prime?
True
Is 7817 prime?
True
Is 24047 prime?
False
Is 16357 a prime number?
False
Is 774929 composite?
False
Is 74551 a prime number?
True
Is 7586 a prime number?
False
Is 65579 a prime number?
True
Is 1049029 composite?
True
Is 248363 prime?
False
Is 27763 a composite number?
False
Is 241555 a composite number?
True
Is 622657 a prime number?
False
Is 22757 prime?
False
Is 51443 composite?
True
Is 142867 a composite number?
False
Is 1399 prime?
True
Is 215011 a composite number?
True
Is 5482 a composite number?
True
Is 984329 prime?
True
Is 248981 composite?
False
Is 245789 a composite number?
False
Is 3817 a prime number?
False
Is 143539 a prime number?
False
Is 20873 a prime number?
True
Is 3811 a prime number?
False
Is 1432081 a composite number?
True
Is 3749 composite?
True
Is 27883 a composite number?
False
Is 7039 prime?
True
Is 602543 a prime number?
True
Is 235751 prime?
True
Is 370739 composite?
True
Is 11699 a composite number?
False
Is 43933 prime?
True
Is 24286 a prime number?
False
Is 5981 prime?
True
Is 568243 a composite number?
True
Is 13451 composite?
False
Is 8633 prime?
False
Is 307 a prime number?
True
Is 8353 composite?
False
Is 20299 composite?
True
Is 2597151 a composite number?
True
Is 3001321 prime?
True
Is 15569 a composite number?
False
Is 96107 composite?
True
Is 65323 prime?
True
Is 10229 composite?
True
Is 232729 a composite number?
True
Is 19799 a composite number?
True
Is 123203 composite?
False
Is 160481 prime?
True
Is 29703 a composite number?
True
Is 14903 a composite number?
True
Is 377771 a prime number?
True
Is 1049 composite?
False
Is 27229 prime?
False
Is 2693177 a prime number?
True
Is 109661 prime?
True
Is 9967 a prime number?
True
Is 34669 a prime number?
False
Is 40601 prime?
False
Is 34693 composite?
False
Is 39082 prime?
False
Is 144817 a composite number?
False
Is 12817 composite?
True
Is 211 prime?
True
Is 69899 prime?
True
Is 499439 prime?
True
Is 262569 a prime number?
False
Is 19 prime?
True
Is 11549 a prime number?
True
Is 809 a prime number?
True
Is 74199 prime?
False
Is 58027 prime?
True
Is 11147 a prime number?
False
Is 190237 prime?
False
Is 4369 a prime number?
False
Is 2532469 a prime number?
False
Is 9587 prime?
True
Is 2290079 a composite number?
True
Is 141179 a composite number?
False
Is 638389 prime?
False
Is 562487 a prime number?
False
Is 87319 composite?
True
Is 26135 a prime number?
False
Is 114389 a prime number?
False
Is 5969 composite?
True
Is 4187 composite?
True
Is 259393 a prime number?
False
Is 171007 a composite number?
False
Is 95039 a composite number?
True
Is 4177 composite?
False
Is 105199 prime?
True
Is 861197 a composite number?
True
Is 76273 a prime number?
False
Is 179149 a prime number?
False
Is 32919 prime?
False
Is 2626049 a composite number?
False
Is 105491 composite?
False
Is 34283 a composite number?
False
Is 7343 a prime number?
False
Is 1087 a composite number?
False
Is 179794 a composite number?
True
Is 8857 a composite number?
True
Is 117797 prime?
True
Is 181394 a composite number?
True
Is 8621 a prime number?
False
Is 16757 a composite number?
True
Is 455663 a composite number?
True
Is 1452574 composite?
True
Is 4663 composite?
False
Is 540187 composite?
False
Is 193937 a composite number?
False
Is 11863 prime?
True
Is 997667 prime?
False
Is 114685 prime?
False
Is 177439 a prime number?
False
Is 279163 composite?
True
Is 228449 prime?
False
Is 9103 prime?
True
Is 64951 composite?
False
Is 298306 a composite number?
True
Is 368579 a prime number?
True
Is 1695233 prime?
True
Is 878765 a composite number?
True
Is 256691 prime?
False
Is 364323 composite?
True
Is 160255 composite?
True
Is 31357 a composite number?
False
Is 137395 a prime number?
False
Is 465407 composite?
False
Is 60185 prime?
False
Is 1177 a composite number?
True
Is 556373 a prime number?
True
Is 120539 a composite number?
False
Is 1687319 a composite number?
False
Is 1361 a prime number?
True
Is 1262221 composite?
False
Is 17233 a composite number?
True
Is 3799 composite?
True
Is 32353 composite?
False
Is 46009 a prime number?
False
Is 1137403 a composite number?
False
Is 2501 a composite number?
True
Is 206699 a composite number?
False
Is 400385 a composite number?
True
Is 9305 a composite number?
True
Is 418199 a prime number?
True
Is 3643 prime?
True
Is 569533 a prime number?
True
Is 8367 a composite number?
True
Is 13139 a composite number?
True
Is 130915 a composite number?
True
Is 27053 prime?
False
Is 487973 a composite number?
False
Is 48349 a composite number?
True
Is 120319 composite?
False
Is 166109 composite?
True
Is 26981 a prime number?
True
Is 177 prime?
False
Is 131477 a prime number?
True
Is 1418297 a prime number?
True
Is 6121 composite?
False
Is 60483 composite?
True
Is 718303 prime?
True
Is 42095 a prime number?
False
Is 229699 a prime number?
True
Is 2213 a composite number?
False
Is 6731 a prime number?
False
Is 247241 prime?
True
Is 256313 a prime number?
True
Is 443057 composite?
False
Is 33329 composite?
False
Is 344965 a composite number?
True
Is 335761 a composite number?
True
Is 712829 composite?
True
Is 2835653 composite?
False
Is 31991 prime?
True
Is 199829 a composite number?
True
Is 8081 a prime number?
True
Is 56937 a prime number?
False
Is 400321 prime?
True
Is 212777 prime?
True
Is 512659 composite?
True
Is 266483 composite?
True
Is 721919 a prime number?
False
Is 81071 a composite number?
False
Is 9745 a composite number?
True
Is 1595249 a composite number?
True
Is 4265 a composite number?
True
Is 74561 a prime number?
True
Is 159283 composite?
True
Is 287537 a composite number?
False
Is 54037 prime?
True
Is 1308977 composite?
False
Is 37461 a prime number?
False
Is 22993 prime?
True
Is 187307 a composite number?
True
Is 4759 prime?
True
Is 1572581 prime?
False
Is 305 a prime number?
False
Is 17165 composite?
True
Is 3223 prime?
False
Is 17527 prime?
False
Is 32173 prime?
True
Is 74177 a prime number?
True
Is 221843 a prime number?
False
Is 1113631 a composite number?
True
Is 66167 prime?
False
Is 251033 a composite number?
False
Is 1531 a composite number?
False
Is 49597 a composite number?
False
Is 179485 prime?
False
Is 478853 a composite number?
False
Is 1838 prime?
False
Is 48309 a composite number?
True
Is 406739 composite?
False
Is 376417 a composite number?
False
Is 6521 a prime number?
True
Is 841067 a composite number?
True
Is 2800939 prime?
False
Is 3937 a composite number?
True
Is 7717 a composite number?
False
Is 2057123 composite?
True
Is 323573 composite?
True
Is 64747 a prime number?
True
Is 660113 prime?
False
Is 28738 prime?
False
Is 214499 prime?
True
Is 12877 prime?
False
Is 15689 prime?
False
Is 8663 composite?
False
Is 45703 composite?
True
Is 2657 prime?
True
Is 41487 a composite number?
True
Is 15877 a prime number?
True
Is 19441 composite?
False
Is 418759 a composite number?
True
Is 7034971 a prime number?
True
Is 